{"id":2215,"date":"2020-06-01T13:40:26","date_gmt":"2020-06-01T11:40:26","guid":{"rendered":"https:\/\/clon.terranatur.es\/web\/?post_type=product&#038;p=2215"},"modified":"2025-06-11T11:47:27","modified_gmt":"2025-06-11T09:47:27","slug":"ticket-reserva-curso-4x4","status":"publish","type":"product","link":"https:\/\/clon.terranatur.es\/web\/comprar\/ticket-reserva-curso-4x4\/","title":{"rendered":"RESERVA CURSOS 4X4"},"content":{"rendered":"<p>Reserva por un curso 4&#215;4 b\u00e1sico o avanzado. Debe elegirse<strong> fecha preferida de las disponibles. <\/strong>En caso de necesidad, puede aplazarse dentro de la temporada (los meses de octubre a abril vamos publicando nuevas fechas)<strong>.<\/strong> Por si has entrado directamente aqu\u00ed, puedes ver toda la informaci\u00f3n aqu\u00ed de los cursos 4&#215;4 que se ofrecen:<\/p>\n<ul>\n<li><a href=\"https:\/\/clon.terranatur.es\/web\/cursos4x4\/\"><strong>Curso 4&#215;4 b\u00e1sico<\/strong>, de iniciaci\u00f3n.<\/a> Circuito 4&#215;4 de Segurilla, Toledo.<\/li>\n<\/ul>\n<p><strong>Es posible organizar un Curso 4&#215;4 Avanzado tambi\u00e9n en el <\/strong>Circuito 4&#215;4 de Segurilla, Toledo. Para hacer este curso es preciso <strong>haber superado<\/strong> primero el <strong>b\u00e1sico. Si est\u00e1s interesado, <a href=\"mailto:aventuras@terranatur.es?subject=Me%20interesar%C3%ADa%20hacer%20un%20curso%20avanzado%204x4&amp;body=Por%20favor%2C%20dime%20cuando%20lo%20organiz%C3%A1is.%0D%0A%0D%0AGracias.\">contacta pasa solicitarlo<\/a>.<\/strong><\/p>\n<p>Tienes tambi\u00e9n posibilidad de pre-reservar las noches del viernes y el s\u00e1bado en una casa rural cercana.<\/p>\n<p><a href=\"https:\/\/clon.terranatur.es\/web\/cursos4x4\/\"><strong>Accede a la p\u00e1gina del curso 4&#215;4 b\u00e1sico.<\/strong><\/a><\/p>\n","protected":false},"excerpt":{"rendered":"<p>Reserva de alguno de los cursos 4\u00d74 de Terranatur en el Circuito 4\u00d74 de Segurilla. Temporada de octubre a mayo.<\/p>\n","protected":false},"featured_media":10612,"comment_status":"closed","ping_status":"closed","template":"","meta":[],"product_brand":[],"product_cat":[59],"product_tag":[],"class_list":{"0":"post-2215","1":"product","2":"type-product","3":"status-publish","4":"has-post-thumbnail","6":"product_cat-cursos-4x4","8":"first","9":"instock","10":"sold-individually","11":"taxable","12":"shipping-taxable","13":"purchasable","14":"product-type-variable"},"_links":{"self":[{"href":"https:\/\/clon.terranatur.es\/web\/wp-json\/wp\/v2\/product\/2215","targetHints":{"allow":["GET"]}}],"collection":[{"href":"https:\/\/clon.terranatur.es\/web\/wp-json\/wp\/v2\/product"}],"about":[{"href":"https:\/\/clon.terranatur.es\/web\/wp-json\/wp\/v2\/types\/product"}],"replies":[{"embeddable":true,"href":"https:\/\/clon.terranatur.es\/web\/wp-json\/wp\/v2\/comments?post=2215"}],"wp:featuredmedia":[{"embeddable":true,"href":"https:\/\/clon.terranatur.es\/web\/wp-json\/wp\/v2\/media\/10612"}],"wp:attachment":[{"href":"https:\/\/clon.terranatur.es\/web\/wp-json\/wp\/v2\/media?parent=2215"}],"wp:term":[{"taxonomy":"product_brand","embeddable":true,"href":"https:\/\/clon.terranatur.es\/web\/wp-json\/wp\/v2\/product_brand?post=2215"},{"taxonomy":"product_cat","embeddable":true,"href":"https:\/\/clon.terranatur.es\/web\/wp-json\/wp\/v2\/product_cat?post=2215"},{"taxonomy":"product_tag","embeddable":true,"href":"https:\/\/clon.terranatur.es\/web\/wp-json\/wp\/v2\/product_tag?post=2215"}],"curies":[{"name":"wp","href":"https:\/\/api.w.org\/{rel}","templated":true}]}}